{"id":34,"date":"2009-06-09T20:50:27","date_gmt":"2009-06-09T20:50:27","guid":{"rendered":"https:\/\/www.opinioneslibres.es\/apesardetodo\/?page_id=34"},"modified":"2014-03-13T16:49:06","modified_gmt":"2014-03-13T16:49:06","slug":"licencia","status":"publish","type":"page","link":"https:\/\/www.opinioneslibres.es\/apesardetodo\/?page_id=34","title":{"rendered":"Licencia"},"content":{"rendered":"<p>Los art\u00edculos que publico en este blog son fruto de un esfuerzo intelectual que me satisface plenamente. Si comparto mis escritos es porque quiero que mi opini\u00f3n se conozca, incluso que se divulgue. Nada hay m\u00e1s propio de la libertad de expresi\u00f3n (art\u00edculo 16 de la Constituci\u00f3n Espa\u00f1ola de 1.978) que la m\u00e1xima difusi\u00f3n de las ideas de cada uno.<\/p>\n<p>Por eso, m\u00e1s all\u00e1 del conjunto de derechos que la creaci\u00f3n me otorga como autor, mi opini\u00f3n, m\u00eda en su contenido y en su esencia (y en sus consecuencias si en alg\u00fan momento tiene que haberlas), deja de ser propiedad exclusiva desde que aqu\u00ed aparece reflejada, aunque, por supuesto, su procedencia debe ser respetada (y su integreidad, que es lo que le de inteligibilidad)<\/p>\n<p>Ni quien ejerce la direcci\u00f3n de este &#8216;contenedor de opiniones&#8217;, ni por supuestos el resto de los que comparten conmigo este espacio de expresi\u00f3n, tienen por qu\u00e9 coincidir con lo que escribo, ni son en nada responsables de ello, ni en su tenor literal ni en su forma de expresi\u00f3n. S\u00f3lo yo soy due\u00f1o y esclavo de mis palabras.<\/p>\n<p>No soy responsable de los comentarios que se hagan a cuanto escribo, respecto de los que cumplo un estricto protocolo de autorizaci\u00f3n (respetuosos, concernientes al art\u00edculo y sobre todo con su autor\u00eda meridianamente clara), y con los que no tengo por qu\u00e9 ni coincidir ni compartir. Igual que quien los pone es libre de hacerlo, yo lo soy de publicarlos.<\/p>\n<p>El conjunto de los escritos que bajo mi firma aparecen en este blog queda, por tanto, bajo cobertura jur\u00eddica de la licencia siguiente<\/p>\n<p style=\"text-align: center;\"><img loading=\"lazy\" decoding=\"async\" class=\"size-medium wp-image-35 aligncenter\" title=\"Licencia Creative Commons\" alt=\"creative_commons\" src=\"https:\/\/www.opinioneslibres.es\/apesardetodo\/wp-content\/uploads\/2009\/06\/creative_commons1-300x113.jpg\" width=\"288\" height=\"94\" \/><\/p>\n<div id=\"deed-license\">\n<div id=\"deed-license\">\n<h2 style=\"text-align: center;\">Reconocimiento-NoComercial-SinObraDerivada 4.0 Internacional (CC BY-NC-ND 4.0)<\/h2>\n<\/div>\n<p>&nbsp;<\/p>\n<\/div>\n<div dir=\"ltr\" id=\"deed-rights\">\n<h3>Usted es libre de:<\/h3>\n<ul>\n<li><strong>Compartir<\/strong> \u2014 copiar y redistribuir el material en cualquier medio o formato<\/li>\n<\/ul>\n<p>El licenciador no puede revocar estas libertades mientras cumpla con los t\u00e9rminos de la licencia.<\/p><\/div>\n<div id=\"deed-conditions\">\n<h3>Bajo las condiciones siguientes:<\/h3>\n<ul dir=\"ltr\">\n<li><strong>Reconocimiento<\/strong> \u2014 Debe reconocer adecuadamente la autor\u00eda, proporcionar un enlace a la licencia e indicar si se han realizado cambios. Puede hacerlo de cualquier manera razonable, pero no de una manera que sugiera que tiene el apoyo del licenciador o lo recibe por el uso que hace.<\/li>\n<li><strong>NoComercial<\/strong> \u2014 No puede utilizar el material para una finalidad comercial.<\/li>\n<li><strong>SinObraDerivada<\/strong> \u2014 Si remezcla, transforma o crea a partir del material, no puede difundir el material modificado.<\/li>\n<\/ul>\n<\/div>\n<ul id=\"deed-conditions-no-icons\">\n<li><strong>No hay restricciones adicionales<\/strong> \u2014 No puede aplicar t\u00e9rminos legales o medidas tecnol\u00f3gicas que legalmente restrinjan realizar aquello que la licencia permite.<\/li>\n<\/ul>\n<h3>Avisos:<\/h3>\n<ul>\n<li>No tiene que cumplir con la licencia para aquellos elementos del material en el dominio p\u00fablico o cuando su utilizaci\u00f3n est\u00e9 permitida por la aplicaci\u00f3n de una excepci\u00f3n o un l\u00edmite.<\/li>\n<li>No se dan garant\u00edas. La licencia puede no ofrecer todos los permisos necesarios para la utilizaci\u00f3n prevista. Por ejemplo, otros derechos como los de publicidad, privacidad, o los derechos morales pueden limitar el uso del material.<\/li>\n<\/ul>\n<p>(<a title=\"Licencia Creative Commons\" href=\"http:\/\/creativecommons.org\/licenses\/by-nc-nd\/4.0\/deed.es_ES\" target=\"_blank\">Ver contenido completo de la licencia<\/a>)<\/p>\n","protected":false},"excerpt":{"rendered":"<p>Los art\u00edculos que publico en este blog son fruto de un esfuerzo intelectual que me satisface plenamente. Si comparto mis escritos es porque quiero que mi opini\u00f3n se conozca, incluso que se divulgue. Nada hay m\u00e1s propio de la libertad de expresi\u00f3n (art\u00edculo 16 de la Constituci\u00f3n Espa\u00f1ola de 1.978) que la m\u00e1xima difusi\u00f3n de [&#8230;]<\/p>\n","protected":false},"author":2,"featured_media":0,"parent":0,"menu_order":0,"comment_status":"closed","ping_status":"open","template":"","meta":{"footnotes":""},"class_list":["post-34","page","type-page","status-publish","hentry"],"_links":{"self":[{"href":"https:\/\/www.opinioneslibres.es\/apesardetodo\/index.php?rest_route=\/wp\/v2\/pages\/34","targetHints":{"allow":["GET"]}}],"collection":[{"href":"https:\/\/www.opinioneslibres.es\/apesardetodo\/index.php?rest_route=\/wp\/v2\/pages"}],"about":[{"href":"https:\/\/www.opinioneslibres.es\/apesardetodo\/index.php?rest_route=\/wp\/v2\/types\/page"}],"author":[{"embeddable":true,"href":"https:\/\/www.opinioneslibres.es\/apesardetodo\/index.php?rest_route=\/wp\/v2\/users\/2"}],"replies":[{"embeddable":true,"href":"https:\/\/www.opinioneslibres.es\/apesardetodo\/index.php?rest_route=%2Fwp%2Fv2%2Fcomments&post=34"}],"version-history":[{"count":10,"href":"https:\/\/www.opinioneslibres.es\/apesardetodo\/index.php?rest_route=\/wp\/v2\/pages\/34\/revisions"}],"predecessor-version":[{"id":752,"href":"https:\/\/www.opinioneslibres.es\/apesardetodo\/index.php?rest_route=\/wp\/v2\/pages\/34\/revisions\/752"}],"wp:attachment":[{"href":"https:\/\/www.opinioneslibres.es\/apesardetodo\/index.php?rest_route=%2Fwp%2Fv2%2Fmedia&parent=34"}],"curies":[{"name":"wp","href":"https:\/\/api.w.org\/{rel}","templated":true}]}}

<p>Los artículos que publico en este blog son fruto de un esfuerzo intelectual que me satisface plenamente. Si comparto mis escritos es porque quiero que mi opinión se conozca, incluso que se divulgue. Nada hay más propio de la libertad de expresión (artículo 16 de la Constitución Española de 1.978) que la máxima difusión de las ideas de cada uno.</p>
<p>Por eso, más allá del conjunto de derechos que la creación me otorga como autor, mi opinión, mía en su contenido y en su esencia (y en sus consecuencias si en algún momento tiene que haberlas), deja de ser propiedad exclusiva desde que aquí aparece reflejada, aunque, por supuesto, su procedencia debe ser respetada (y su integreidad, que es lo que le de inteligibilidad)</p>
<p>Ni quien ejerce la dirección de este &#8216;contenedor de opiniones&#8217;, ni por supuestos el resto de los que comparten conmigo este espacio de expresión, tienen por qué coincidir con lo que escribo, ni son en nada responsables de ello, ni en su tenor literal ni en su forma de expresión. Sólo yo soy dueño y esclavo de mis palabras.</p>
<p>No soy responsable de los comentarios que se hagan a cuanto escribo, respecto de los que cumplo un estricto protocolo de autorización (respetuosos, concernientes al artículo y sobre todo con su autoría meridianamente clara), y con los que no tengo por qué ni coincidir ni compartir. Igual que quien los pone es libre de hacerlo, yo lo soy de publicarlos.</p>
<p>El conjunto de los escritos que bajo mi firma aparecen en este blog queda, por tanto, bajo cobertura jurídica de la licencia siguiente</p>
<p style="text-align: center;"><img loading="lazy" decoding="async" class="size-medium wp-image-35 aligncenter" title="Licencia Creative Commons" alt="creative_commons" src="https://www.opinioneslibres.es/apesardetodo/wp-content/uploads/2009/06/creative_commons1-300x113.jpg" width="288" height="94" /></p>
<div id="deed-license">
<div id="deed-license">
<h2 style="text-align: center;">Reconocimiento-NoComercial-SinObraDerivada 4.0 Internacional (CC BY-NC-ND 4.0)</h2>
</div>
<p>&nbsp;</p>
</div>
<div dir="ltr" id="deed-rights">
<h3>Usted es libre de:</h3>
<ul>
<li><strong>Compartir</strong> — copiar y redistribuir el material en cualquier medio o formato</li>
</ul>
<p>El licenciador no puede revocar estas libertades mientras cumpla con los términos de la licencia.</p></div>
<div id="deed-conditions">
<h3>Bajo las condiciones siguientes:</h3>
<ul dir="ltr">
<li><strong>Reconocimiento</strong> — Debe reconocer adecuadamente la autoría, proporcionar un enlace a la licencia e indicar si se han realizado cambios. Puede hacerlo de cualquier manera razonable, pero no de una manera que sugiera que tiene el apoyo del licenciador o lo recibe por el uso que hace.</li>
<li><strong>NoComercial</strong> — No puede utilizar el material para una finalidad comercial.</li>
<li><strong>SinObraDerivada</strong> — Si remezcla, transforma o crea a partir del material, no puede difundir el material modificado.</li>
</ul>
</div>
<ul id="deed-conditions-no-icons">
<li><strong>No hay restricciones adicionales</strong> — No puede aplicar términos legales o medidas tecnológicas que legalmente restrinjan realizar aquello que la licencia permite.</li>
</ul>
<h3>Avisos:</h3>
<ul>
<li>No tiene que cumplir con la licencia para aquellos elementos del material en el dominio público o cuando su utilización esté permitida por la aplicación de una excepción o un límite.</li>
<li>No se dan garantías. La licencia puede no ofrecer todos los permisos necesarios para la utilización prevista. Por ejemplo, otros derechos como los de publicidad, privacidad, o los derechos morales pueden limitar el uso del material.</li>
</ul>
<p>(<a title="Licencia Creative Commons" href="http://creativecommons.org/licenses/by-nc-nd/4.0/deed.es_ES" target="_blank">Ver contenido completo de la licencia</a>)</p>

<p>Los artículos que publico en este blog son fruto de un esfuerzo intelectual que me satisface plenamente. Si comparto mis escritos es porque quiero que mi opinión se conozca, incluso que se divulgue. Nada hay más propio de la libertad de expresión (artículo 16 de la Constitución Española de 1.978) que la máxima difusión de [&#8230;]</p>
